0 - 45) + 38)?
-38
Evaluate 42 - (-12 - (-105 - (25 - -4))).
-80
Calculate -105 + 71 + -27 + 127.
66
Calculate (2 - (21 + 3 + -10)) + 7 + (-24 - 14).
-43
(-34 - -11 - -21) + 11 - 19 - -16
6
-1333 + 1353 - (-9 + 0 - 2)
31
Evaluate -12 + (4 - -17) + -1 + -24.
-16
Evaluate -2 + 19 + (-51 - -63) + -10 + 1 + 3.
23
What is -20 + 11 - (102 + -6 + (0 - (-16 + 7)))?
-114
What is 128 - (-54 - -214) - 71?
-103
6 + 10 + -75 + 19
-40
(-42 - -47) + 9 - (68 + 1)
-55
Calculate 26 + (11 - 1 - 61).
-25
-21 + 155 - ((3 - -11 - 6) + -10 + -1)
137
Calculate 37 + (15 + (3 - 2) - 16).
37
(-2 - (-36 + 30)) + 39
43
Evaluate (14 + -6 - 26) + (531 - 540).
-27
What is the value of 17 - (51 + 37 - 41)?
-30
(21 - 15) + (-1 - 69) + -1 - -4
-61
-51 + 114 - 48 - 8
7
Calculate 1 + -1 - ((1 - -58) + (984 - 1076)).
33
What is the value of 3454 + -3489 - (0 - 50)?
15
Calculate 7 + 12 + (6 - ((7 - -6) + -3)).
15
What is -18 + -139 - -166 - (13 + (-3 + 1 - -5))?
-7
-57 + 0 + (13 + 8 - 6) + -7 + 4
-45
What is the value of -8 - (-42 + 0 + -415 + 393)?
56
Calculate -272 - -256 - ((22 - -1) + (0 - -1)).
-40
Evaluate -86 - (81 - 92 - (-26 - -18)).
-83
What is (0 - -14) + (-796 - -758)?
-24
What is 793 - 647 - (2 + -5)?
149
What is -25 + 78 - (7 + 10 + -6 + -1)?
43
Calculate 40 + 50 + (-110 - -72).
52
2 - 12 - ((33 - 77) + 43)
-9
Calculate (6 - (-3 + 9)) + (-80 - 11) + (-3 - 1).
-95
25 + (27 - (29 + -17)) + (-2 - -1)
39
What is the value of -11086 + 10981 - (0 + -37)?
-68
-14 + -2 + (-208 - -246) + -18
4
Evaluate (4 + -21 - -3) + (-33 + 5 - (-22 - -4)).
-24
What is the value of (0 - ((28 - 13) + -2)) + (-2 - 19)?
-34
Calculate 47 + (-29 - -25) + 68 - (0 + 4 + -2).
109
What is (1 - (6 + -17)) + -14 + 3?
1
What is the value of 1 + -2 + (755 + -754 - (4 + -1)) + -96?
-99
What is 123 + 53 + -118 - 42?
16
What is the value of 71 + -93 - (-25 - 0)?
3
Evaluate -3 + -24 - (-1196 + 1154).
15
1 + -2 - (10 - 2) - (59 + 103 - 93)
-78
Calculate (-5 - -6) + 11 - 5 - (-6 - (-13 - -9)).
9
Calculate 11 - -10 - (-66 + 36).
51
Evaluate (0 + -1 + 1 - ((-38 - -16) + 3)) + 10.
29
(11 - (14 + (-23 - -5))) + -26
-11
What is the value of (4 - -38) + -142 + 119?
19
70 + 22 - (29 - -16)
47
Calculate (-189 - -218) + 0 + -18 - 63.
-52
Evaluate 46 + (-163 + 85 - (-12 + -27)).
7
What is 29820 + -29815 - (1 - 81 - 1)?
86
What is the value of (-7 - -2 - (7 + -7)) + 61 + -32 + -15?
9
Calculate (-41 - -50) + -98 + 49.
-40
What is the value of -17 + 17 + -6 + -16 + 10?
-12
What is the value of 58 - (-4 - -23 - (234 + -210))?
63
-5 + 28 - ((13 - 14) + -9 + -3 + 5)
31
What is -13 - (206 - (-107 + 174))?
-152
Calculate 40 - 105 - -55 - -69.
59
Evaluate -2 + 7 - (-28 - (-29 - -5)) - (2 + -7).
14
(21 - (-43 + 26 + 18)) + 0 + 5
25
Evaluate 0 + (6 - (-2 + 4)) + 18 + -163 + 29.
-112
What is (33 - 5) + 9 + -43?
-6
Evaluate -49 + 63 + 74 + -166.
-78
What is the value of (-22 - -16 - 9) + 13 - -45?
43
What is the value of -3 + (-7 - -1) - (48 + -36 - (0 - -58))?
37
What is the value of (-39 + 86 - 125) + 28 - 17?
-67
Evaluate 15 - -4 - (-102 + 82 + 90).
-51
Calculate 1 + -1 + -15 + 48 + -64 + 3.
-28
What is the value of 47 + (2 - 5) + -1 + (0 - -6) + -13?
36
(108 - (110 + 82)) + 54
-30
Calculate -61 - -55 - 48 - 53.
-107
What is 1 - 3 - ((-19 - -9) + 27)?
-19
What is the value of (2 + -32 - (-872 - -849)) + -62?
-69
5035 + -5061 + (64 - (2 + 0))
36
What is the value of 48 + 86 + -62 + -28?
44
What is the value of (1 - -17) + (4 - (-3 - -24)) + (6 - -1)?
8
-8 + 25 + -2 - (-2 - 1)
18
Evaluate 5 - (-72 + -19 + 101 - (0 - (1 - -3))).
-9
What is (-116 - 25) + (-248 - -337)?
-52
Calculate -2 - (133 - 164 - (-19 + (7 - 3))).
14
What is (-31 - 6) + 2 + (-13 - (-4 - 0))?
-44
What is -116 - (15 - (-36 - -43) - 28)?
-96
Evaluate 0 + 14 - (136 - 22 - 94).
-6
-9 + 6 + 1 + 0 - (27 + (20 - 60))
11
32 + 18 + -10 - 51
-11
Evaluate -5 - (-13 - -8) - -7 - 20 - (24 + -10).
-27
Evaluate -14 - (-26 - ((-1 - 10) + -19)).
-18
What is -53 - (12 + -4 - 28)?
-33
What is (13 - 0) + -2 + -15 - (-57 + 5 + -4)?
52
Evaluate (-6 - (10 + -2)) + -67 + 230 + -35.
114
What is the value of 17 + -31 + 12 - (-25 - (1 - -2 - -2))?
28
Calculate -91 + -15 + (14 - -19) + 3.
-70
Calculate 31 + -141 + 24 + 49.
-37
Evaluate 889 - 900 - (1 + -14) - 18.
-16
What is -9 + (-12 - (-6 + -4)) + 2?
-9
What is the value of (-63 - 193) + 212 + (1 - -12)?
-31
-44 - (33 + -50) - (1 + -14)
-14
What is the value of 44 + (76 + -65 - 53)?
2
What is the value of -5 + 72 + -70 + -6?
-9
What is the value of 57 - (1 + (15 - -5)) - (1 + 3)?
32
What is the value of -66 + 45 + -70 - -34?
-57
(12 - 3) + -13 - (34 + -39 + (-4 - -11))
-6
What is (24 + 32 - 107) + 27?
-24
Evaluate 31 - (-7 + 22 + -6 + -22).
44
What is the value of -3 + 1 + 2 + 2793 + -2809?
-16
Evaluate (58 + -21 - 37) + 5 + 96.
101
What is -86 - (4 - (-5 + 15) - (12 + -39))?
-107
-33 + -57 + 30 + 46
-14
Calculate -6 + (49 - (-31 + 74)).
0
Evaluate 18 + (10 + -25 - 15) + -6 - -53.
35
What is (-54 - -37 - -18) + 0 + -6 - (0 - 53)?
48
What is 49 - (-21 - -45) - 74?
-49
Evaluate ((-19 - -6) + 18 - -10) + -58.
-43
Calculate -25 + (3 - -4 - (-19 - -12)) - (1 - 43).
31
16 - (18 + -6 - 23) - (0 - 5)
32
Evaluate -43 - -70 - (-39 - 0 - 0).
66
-60 + -86 - 4 - (4 - 35)
-119
-2833 - -2817 - (-2 - 44)
30
What is the value of 3 + (2 - -3 - (2 - (-7 + 13 + -17)))?
-5
Calculate -18 - (9 - (33 + 15)).
21
14 + (-10 - 6 - (-17 - -15 - 3))
3
What is the value of 32 + 29 + -62 + -44?
-45
What is -1 - -8 - (-5 + -16 - (-177 - -180))?
31
(31 + -20 + 18 - 58) + (-32 - -9)
-52
Evaluate (89 - (7 - 9 - -13)) + (-11 - -3) + 0.
70
Evaluate (-33 + 105 - 23) + (-5 - (2 + 1)).
41
12 - (40 + 6 + -40) - ((5 - 2) + -2)
5
Calculate 4 + (12 - 16) + -60 + 26.
-34
What is the value of (-2 + 7 + (-157 - -156) - -30) + (2 - 2)?
34
Calculate (0 + -18 - -1) + 148 + -172 + 8.
-33
Evaluate (35 - 89) + 31 - -136.
113
Evaluate -28 - (95 + -63) - -24.
-36
Calculate -31 - (-3 + 2 + -10 - (191 - 198)).
-27
What is the value of 73 + 11 - (-13 - (-16 + -22))?
59
Calculate 18 + 31 + 0 + (939 - 992).
-4
What is the value of (-2 + 1 + 3 - 2) + 6 + 2?
8
Calculate (-30 - -11) + (2 - -3) + (24 - 39).
-29
22 + 29 + 16 + -46 + 8
29
What is -42 + 61 + (7 - 6 - 11)?
9
Evaluate (20 + -8 - 20) + (-39 - (-2 - -8)).
-53
Calculate (-1 - 10 - -2) + 15 + -56 + 40.
-10
Evaluate 51 - (((18 - 2) + -29 - -26) + -14).
52
Calculate -16 + (-10 + 1 - -21) + -7.
-11
-40 + (-44 - (-47 + -48))
11
Evaluate -9 + (25 + -36 - (-6 - (-1 - -6))).
-9
Calculate -8 - ((724 - 652) + (-31 - 1)).
-48
Calculate (-5 - ((1 - -13 - 2) + (-217 - -215))) + 16.
1
What is the value of (0 - (11 + -5)) + -26 - -113?
81
What is 43 + -1 + -95 + (151 - 26)?
72
What is (72 - 146) + 109 - (8 - (1 - (0 + 0)))?
28
What is 42 - 102 - (-32 - -20)?
-48
Evaluate -25 - (1 + -3 + -23 + 19 - 2).
-17
What is the value of 96 - (46 + 73) - -29?
6
Calculate 10 + (-4 - (12 - 19) - (8 + 1)) - -38.
42
What is the value of -75 + (11 + -20 - (-71 - -32))?
-45
What is (-4 - (-6 - (-12 - (-3 + -94)))) + (7 - 15)?
79
What is -70 - (-47 + 38) - -20?
-41
21 + (18 - (-18 + 25 + 20))
12
What is the value of 32 - (2 + (42 - 29))?
17
Evaluate (-1 - -55) + (-1512 - -1512 - (-1 + 12)).
43
What is 47 + (2 + 18 + -11 - 17) + 1?
40
Evaluate 14 + -6 + (-18 - -10) - (7 - -16) - -4.
-19
Calculate -25 + -1 + 5 - (-6 + 10).
-25
What is the value of 78 - -4 - (10 - (-13 + -11 - -17))?
65
What is (-86 - -24) + -41 + 67 - -120?
84
Evaluate -2 - -6 - (-3 + -12 + 14 + 54).
-49
What is (4187 - 4181) + 2 + -3 + 1 + -56 - -4?
-46
Calculate 9 - (100 + -58 + -40).
7
What is (-2221 - -2167) + 3 + (-7 - -2) + -2 + -1?
-59
What is -18 + (-9 + -16 + 14 - -12) + (6 - 0)?
-11
What is the value of 28 + (-46 + -11 - -26) - -85?
82
Evaluate 80 - (4 - 6 - (-13 - (-28 + 13))).
84
What is 2 + -17 - (117 - (21 - ((-2 - 0) + 10)))?
-119
-420 + 425 + 1 + (-10 - -7 - (0 + 57))
-54
Calculate ((13 - 18) + 5 + -29 - 12) + (-3 - 3).
-47
Evaluate -6 + -33 + 13 + 35 + 20.
29
Evaluate -20 + (-37 - -27) + (157 - 152 - (8 + -1)).
-32
Calculate 90 + -115 - (4 + -31).
2
(17 + -49 + 12 + 6 - -74) + 5
65
Calculate 2 - (5 + 5 + -12) - -80 - (10 + -7).
81
Calculate -3 - -1 - -14 - (-2775 + 2758 + 0 + 13).
16
What is (-11 - (-12 + (7 - 6)) - 2) + -38?
-40
Evaluate -113 + (72 - (2 + -15)).
-28
What is the value of 96 